nvert -213123 (base 4) to base 15.
-b33
Convert -89 (base 12) to base 7.
-210
What is -110110111111 (base 2) in base 16?
-dbf
What is 12102211 (base 3) in base 8?
7574
What is 258a (base 12) in base 9?
5777
What is 706 (base 9) in base 14?
2cd
Convert 12110 (base 6) to base 9.
2376
236 (base 9) to base 12
143
Convert -45 (base 15) to base 3.
-2102
-2531 (base 11) to base 8
-6345
What is -130 (base 5) in base 14?
-2c
What is 12202101 (base 3) in base 7?
15142
-321101 (base 4) to base 12
-2155
Convert 5d (base 14) to base 2.
1010011
What is 3031 (base 5) in base 14?
1dd
bd43 (base 15) to base 12
1b269
100100010011010 (base 2) to base 10
18586
Convert 5365 (base 9) to base 16.
f6b
-2036 (base 7) to base 13
-42b
What is 2516 (base 15) in base 7?
32010
Convert 33310 (base 5) to base 12.
1422
What is 356b (base 14) in base 16?
245b
450 (base 16) to base 10
1104
What is -4231 (base 5) in base 16?
-236
-d8c (base 15) to base 7
-11625
-87 (base 12) to base 11
-94
What is ec06 (base 15) in base 13?
1997a
78a7 (base 14) to base 8
50673
Convert -261 (base 16) to base 9.
-746
Convert 141536 (base 7) to base 11.
1933a
What is 3a67 (base 14) in base 15?
30a8
What is 31900 (base 11) in base 5?
2440333
14c (base 15) to base 14
173
600 (base 15) to base 9
1760
1012122012 (base 3) to base 6
302052
Convert 12513 (base 9) to base 15.
2776
Convert -73562 (base 8) to base 3.
-1112221112
d80 (base 16) to base 5
102311
587 (base 13) to base 10
956
-110111110 (base 2) to base 6
-2022
Convert 1000101010110 (base 2) to base 10.
4438
-10346 (base 9) to base 10
-6846
What is -5c3 (base 16) in base 10?
-1475
-6126 (base 9) to base 8
-10577
-2889 (base 10) to base 4
-231021
1441 (base 5) to base 15
116
935 (base 12) to base 4
110321
Convert 10011000111001 (base 2) to base 9.
14372
What is 18566 (base 9) in base 15?
3c23
-1001010000110 (base 2) to base 3
-20111122
What is b7a7 (base 12) in base 4?
10322233
What is 9b5a (base 12) in base 14?
63b0
Convert 20020122 (base 3) to base 13.
20c3
-4040 (base 11) to base 8
-12370
20212 (base 4) to base 16
226
101001 (base 4) to base 2
10001000001
What is 891 (base 12) in base 16?
4ed
What is -88 (base 11) in base 16?
-60
383 (base 11) to base 3
121211
145 (base 9) to base 2
1111010
What is 372 (base 16) in base 10?
882
Convert 44940 (base 10) to base 13.
175bc
Convert -11030020 (base 4) to base 15.
-6471
Convert -111010111 (base 2) to base 8.
-727
What is 302 (base 5) in base 8?
115
Convert -122001221 (base 3) to base 14.
-476d
98 (base 11) to base 4
1223
What is -324 (base 13) in base 8?
-1031
Convert 370 (base 11) to base 13.
27b
-1001001 (base 2) to base 15
-4d
Convert 322 (base 9) to base 11.
21a
-b6 (base 13) to base 7
-302
What is 200001 (base 3) in base 14?
26b
What is -583 (base 10) in base 15?
-28d
What is cb (base 14) in base 12?
12b
Convert 100231 (base 5) to base 15.
e2b
What is 1100 (base 7) in base 9?
475
What is a639 (base 11) in base 16?
36fe
What is 87 (base 14) in base 2?
1110111
What is -36a17 (base 11) in base 12?
-26901
Convert 22195 (base 10) to base 6.
250431
Convert a80 (base 12) to base 15.
6c6
882 (base 14) to base 10
1682
Convert -122421 (base 7) to base 3.
-1010212120
Convert -558 (base 9) to base 12.
-322
Convert -5606 (base 9) to base 12.
-2489
Convert 17669 (base 11) to base 8.
60267
14268 (base 9) to base 8
22745
1176 (base 12) to base 3
2200200
Convert 33011332 (base 4) to base 5.
3434242
What is 1885 (base 9) in base 5?
21304
Convert 102254 (base 8) to base 6.
421124
-124a (base 11) to base 5
-23002
What is -479 (base 15) in base 11?
-842
What is 10504 (base 6) in base 10?
1480
What is -26064 (base 8) in base 2?
-10110000110100
-773 (base 12) to base 14
-583
What is -1001011101 (base 2) in base 16?
-25d
-10221212 (base 3) to base 7
-11261
Convert 23460 (base 7) to base 2.
1011110110101
What is -214303 (base 6) in base 11?
-12433
What is 20122022 (base 3) in base 16?
12e9
Convert -17ad (base 15) to base 11.
-3929
Convert 14435 (base 6) to base 11.
1826
Convert -c60a (base 15) to base 13.
-16090
Convert -26664 (base 10) to base 8.
-64050
Convert -6912 (base 13) to base 15.
-4563
Convert 1425 (base 7) to base 5.
4213
What is -871 (base 9) in base 14?
-38c
22120100 (base 4) to base 7
234641
Convert 11100001011101 (base 2) to base 9.
21712
-11871 (base 15) to base 7
-321664
What is 110 (base 4) in base 9?
22
Convert -11154 (base 8) to base 5.
-122331
Convert -7d1 (base 15) to base 13.
-a63
What is -3c0 (base 13) in base 9?
-816
Convert -22555 (base 6) to base 16.
-ca7
2120 (base 4) to base 13
b9
What is 10060 (base 12) in base 8?
50510
What is -356 (base 12) in base 13?
-2c4
Convert -53ee (base 15) to base 12.
-a352
-717 (base 8) to base 11
-391
Convert -36087 (base 11) to base 3.
-2122100002
What is 32020103 (base 4) in base 10?
57875
-25b (base 15) to base 5
-4121
What is 24363 (base 9) in base 7?
65430
1021303 (base 4) to base 3
20110221
2185 (base 14) to base 16
16a9
Convert -1102420 (base 5) to base 14.
-6d70
-52 (base 7) to base 4
-211
-427 (base 16) to base 9
-1411
What is -1000011000011 (base 2) in base 6?
-31511
What is -42d (base 15) in base 6?
-4211
What is 34301 (base 9) in base 4?
11210323
Convert 2179 (base 11) to base 9.
3837
Convert -11100001 (base 2) to base 4.
-3201
341 (base 11) to base 2
110011000
-5d4b (base 14) to base 16
-3fcf
What is -7963 (base 10) in base 7?
-32134
Convert 10100 (base 2) to base 5.
40
-10100111010 (base 2) to base 10
-1338
-480 (base 14) to base 5
-12041
What is -261364 (base 7) in base 4?
-23312230
-1656 (base 9) to base 14
-666
What is -21332 (base 5) in base 9?
-2010
-43434 (base 6) to base 15
-1b9d
What is -1843 (base 12) in base 4?
-231303
What is 1c52 (base 14) in base 6?
35532
10657 (base 8) to base 15
151c
What is 678 (base 15) in base 5?
21323
Convert -1050440 (base 6) to base 7.
-311256
-10241 (base 10) to base 13
-487a
44420 (base 5) to base 10
3110
Convert 241334 (base 5) to base 7.
35102
What is -83aa (base 11) in base 7?
-44311
1321200 (base 4) to base 6
100000
Convert -2402 (base 6) to base 7.
-1454
Convert -5421 (base 6) to base 2.
-10011010101
What is 1110101001 (base 2) in base 15?
427
20111 (base 4) to base 3
201202
What is -2464 (base 7) in base 15?
-41d
16125 (base 9) to base 2
10101100011111
Convert -10130200 (base 4) to base 10.
-18208
Convert 1b56 (base 13) to base 5.
113002
What is 1c95 (base 13) in base 6?
32043
What is 1052 (base 6) in base 8?
370
-1c5 (base 14) to base 15
-199
What is -65f8 (base 16) in base 2?
-110010111111000
What is -10655 (base 7) in base 15?
-c25
-74 (base 15) to base 9
-131
What is -233132 (base 6) in base 11?
-14153
What is -ba90 (base 15) in base 16?
-9a56
Convert -3c7 (base 14) to base 12.
-537
-3db1 (base 16) to base 5
-1001133
Convert 355 (base 16) to base 5.
11403
What is 11104 (base 7) in base 9?
3747
Convert 26872 (base 9) to base 12.
a655
60dd (base 14) to base 4
10010103
Convert -83 (base 14) to base 8.
-163
-28889 (base 13) to base 4
-102212003
43d9 (base 14) to base 15
373a
Convert -22740 (base 11) to base 6.
-412003
-147310 (base 8) to base 11
-36854
What is 451 (base 15) in base 6?
4304
Convert -3052 (base 7) to base 2.
-10000101010
What is -2310 (base 5) in base 15?
-170
Convert -23a9 (base 14) to base 13.
-2aab
-22a (base 11) to base 10
-274
-298a (base 13) to base 11
-4591
3f5 (base 16) to base 8
1765
Convert -d42 (base 14) to base 12.
-1612
What is -cb02 (base 14) in base 10?
-35086
1670 (base 14) to base 16
fb2
Convert -23241 (base 5) to base 12.
-b94
Convert 1111100101 (base 2) to base 9.
1327
Convert 2601 (base 7) to base 13.
5a6
Convert 285 (base 15) to base 8.
1077
Convert -3133 (base 4) to base 5.
-1343
-7 (base 15) to base 7
-10
What is 3399 (base 10) in base 4?
311013
What is -164 (base 13) in base 15?
-11b
Convert -3325 (base 11) to base 9.
-6010
Convert 56736 (base 9) to base 12.
19a43
What is 1274 (base 8) in base 4?
22330
-1412 (base 6) to base 13
-224
What is 22967 (base 10) in base 14?
8527
-180 (base 15) to base 7
-1002
2101111201 (base 3) to base 12
2326a
What is -a997 (base 11) in base 10?
-14505
What is 17 (base 16) in base 15?
18
What is 1204 (base 6) in base 10?
292
5c73 (base 15) to base 10
19683
Convert 200240 (base 5) to base 6.
45132
What is 745 (base 8) in base 12?
34